False
Is 154779656933 prime?
False
Is 7495103543 composite?
False
Is 33076735606 prime?
False
Is 6970459289 prime?
False
Is 3033820613 a prime number?
True
Is 13291551349 composite?
False
Is 1064132609 composite?
False
Is 2380177757 a prime number?
True
Is 3307259623 a composite number?
False
Is 6156696131 a prime number?
False
Is 4219816561 a prime number?
False
Is 376665307 a prime number?
True
Is 6444791611 composite?
False
Is 5096661041 prime?
True
Is 8965021801 a composite number?
True
Is 40196170061 a prime number?
True
Is 21891103229 a composite number?
False
Is 88280416559 a composite number?
True
Is 1719832679 a prime number?
True
Is 146068541447 composite?
False
Is 3331228687 prime?
True
Is 101019457954 a prime number?
False
Is 210235423 a prime number?
True
Is 82551876497 a composite number?
False
Is 699068455 a prime number?
False
Is 999748643 composite?
False
Is 426935546 composite?
True
Is 33313414573 prime?
True
Is 3448971817 a composite number?
False
Is 524544727 a prime number?
False
Is 1292658493 a prime number?
False
Is 16676696311 a prime number?
False
Is 15872005913 a prime number?
True
Is 92452065845 prime?
False
Is 1217677333 a composite number?
False
Is 1082668117 a prime number?
True
Is 20415991417 prime?
True
Is 77241521347 composite?
True
Is 40497458993 composite?
False
Is 123332357441 composite?
False
Is 2340550991 composite?
True
Is 10652298071 a composite number?
False
Is 548157641 a composite number?
True
Is 206203541 a prime number?
True
Is 1728459553 composite?
False
Is 9969880069 a prime number?
True
Is 370786489 a composite number?
True
Is 744747105701 a composite number?
False
Is 1181627569 a composite number?
True
Is 83441763221 prime?
False
Is 3869621689 a prime number?
True
Is 1870375261 prime?
True
Is 13570031689 a prime number?
True
Is 78090187819 a composite number?
True
Is 78200909 prime?
False
Is 978101294 prime?
False
Is 5912683381 prime?
False
Is 1438034111 a composite number?
True
Is 82094599 composite?
False
Is 11753975309 a prime number?
False
Is 87837679639 prime?
False
Is 13230119751 a composite number?
True
Is 180027047 a prime number?
True
Is 12255878846 composite?
True
Is 1204386067 prime?
True
Is 11576570779 composite?
True
Is 4687189657 a composite number?
True
Is 5442947551 prime?
False
Is 48160847699 composite?
True
Is 20610894683 composite?
False
Is 717719267 a prime number?
False
Is 12883280029 a prime number?
False
Is 1316042857 composite?
True
Is 123676158653 a composite number?
False
Is 2753471185 a composite number?
True
Is 58136915 prime?
False
Is 2804031479 a prime number?
True
Is 630272789 composite?
True
Is 2442866539 a prime number?
True
Is 766845449 a prime number?
False
Is 1176422893 composite?
True
Is 7834763483 a composite number?
False
Is 495322093 a composite number?
True
Is 143008903 composite?
False
Is 638460971 prime?
False
Is 743888723477 prime?
True
Is 12492530189 prime?
False
Is 200609837 prime?
True
Is 30939628439 a composite number?
False
Is 23167038097 a prime number?
False
Is 735084751 prime?
True
Is 10990567997 a composite number?
False
Is 798534271 prime?
True
Is 267825343 prime?
False
Is 758871671 a prime number?
True
Is 310144231 composite?
False
Is 122062721 prime?
False
Is 1320256202 composite?
True
Is 67824381 a composite number?
True
Is 547737997 a composite number?
True
Is 378808651 a prime number?
False
Is 235396169 a prime number?
False
Is 1857855193 composite?
True
Is 21997509887 prime?
True
Is 20562439 a composite number?
False
Is 399367603 a composite number?
True
Is 4269780413 composite?
True
Is 6561707885 a prime number?
False
Is 39779261609 composite?
False
Is 37739058001 composite?
False
Is 403431829 composite?
False
Is 871013021 composite?
False
Is 645834983 composite?
True
Is 51953217847 composite?
True
Is 74243749 a composite number?
True
Is 2471372749 composite?
True
Is 4187125963 a composite number?
False
Is 30190064857 prime?
False
Is 14747638973 a prime number?
False
Is 561578245 a prime number?
False
Is 19967613677 composite?
True
Is 705264535 prime?
False
Is 615485843 prime?
False
Is 21368569 a prime number?
True
Is 10877758517 composite?
True
Is 13125518179 a composite number?
False
Is 2625232637 prime?
False
Is 53651531 a composite number?
True
Is 170472048647 prime?
True
Is 32123191 a composite number?
True
Is 195645947459 a prime number?
False
Is 2777650651 prime?
True
Is 8261124479 a composite number?
True
Is 2098828057 composite?
False
Is 20228909411 a composite number?
False
Is 12509084411 prime?
True
Is 913460287 a prime number?
True
Is 13512945469 prime?
True
Is 30840400919 a prime number?
False
Is 4945124621 prime?
True
Is 1828564678 prime?
False
Is 169142929217 composite?
True
Is 1829267311 a composite number?
False
Is 27035776543 a composite number?
True
Is 8678221571 a composite number?
True
Is 1307511629 composite?
False
Is 123102221687 prime?
False
Is 2267303071 prime?
False
Is 12311681581 composite?
False
Is 455142983 prime?
False
Is 52182817067 composite?
True
Is 1581139771 composite?
False
Is 12355339961 prime?
True
Is 299395979 prime?
True
Is 49030923457 prime?
True
Is 273825943 prime?
False
Is 3905480783 a prime number?
False
Is 550970419 a prime number?
False
Is 11070968219 a composite number?
True
Is 47085439431 composite?
True
Is 7973393317 composite?
False
Is 7764474467 a prime number?
True
Is 7053651331 a composite number?
False
Is 496924793 composite?
False
Is 446520421 a prime number?
True
Is 23317747841 a prime number?
False
Is 2712012469 prime?
False
Is 30477546157 composite?
False
Is 5319260053 a prime number?
True
Is 29859671 prime?
True
Is 325131577 composite?
False
Is 4010969611 a prime number?
False
Is 4267535809 composite?
False
Is 16704297353 prime?
True
Is 39295438283 composite?
False
Is 2402434451 composite?
False
Is 1049464121 prime?
True
Is 144405347 prime?
False
Is 38288496269 a prime number?
True
Is 12357253273 prime?
False
Is 1107814307 prime?
True
Is 1321439629 prime?
True
Is 8947504249 a composite number?
True
Is 143273327 composite?
False
Is 5320140757 prime?
True
Is 1340274961 composite?
True
Is 34972217197 prime?
False
Is 284822423537 a composite number?
False
Is 194742113 prime?
True
Is 249024169 a composite number?
True
Is 3880756709 a composite number?
False
Is 739987049 a prime number?
True
Is 14056957289 prime?
False
Is 7808403211 prime?
False
Is 3312314899 a composite number?
False
Is 56906498519 a prime number?
False
Is 38565154315 prime?
False
Is 562701137 a prime number?
True
Is 37666445 prime?
False
Is 8426906335 composite?
True
Is 77985156259 composite?
True
Is 953423491 prime?
True
Is 6296766473 prime?
True
Is 172515806927 a prime number?
False
Is 307172269 prime?
False
Is 55263379957 composite?
False
Is 4099732831 prime?
True
Is 494314577 prime?
True
Is 660085091 composite?
False
Is 15726246023 a composite number?
False
Is 33672575963 a prime number?
False
Is 4208407591 a prime number?
True
Is 4925273113 prime?
False
Is 238746587 a prime number?
False
Is 1058334227 prime?
True
Is 32018044537 prime?
False
Is 2359415011 a composite number?
False
Is 1803313805 prime?
False
Is 1898763059 composite?
False
Is 6211448879 a prime number?
False
Is 906179537 composite?
False
Is 195325267 a composite number?
False
Is 5984786653 a composite number?
False
Is 93437353 prime?
True
Is 22600127399 a composite number?
False
Is 104228484211 a composite number?
True
Is 2512315889 prime?
True
Is 76010368163 a composite number?
True
Is 32221610999 a prime number?
True
Is 71462148418 prime?
False
Is 2690299841 a prime number?
False
Is 3877127833 prime?
True
Is 8968668637 composite?
True
Is 7975925079 prime?
False
Is 2675868694 prime?
False
Is 5878215251 a composite number?
True
Is 4981036241 a composite number?
True
Is 572285267 a composite number?
False
Is 9562717891 a composite number?
False
Is 302877067 composite?
True
Is 17738089783 prime?
False
Is 11895930617 composite?
False
Is 2131290751 a prime number?
True
Is 2290638587 a composite number?
True
Is 1832051261 composite?
False
Is 24885864769 a prime number?
False
Is 2181091027 a prime number?
True
Is 2941979702 a composite number?
True
Is 8379017641 a prime number?
True
Is 35912246857 a composite number?
False
Is 5434761301 a composit